e i(5).
-24
Let k be (1 - (-2 + 5))/(-1). Let u(y) = 5782*y - 2890*y + 3*y**2 - 3*y**3 - 2895*y. Determine u(k).
-18
Suppose o + 6 = 15. Let b(v) = 2 + 17*v + o*v - 21*v. Give b(4).
22
Let m(n) = 2*n**2. Let z be m(-1). Let v(p) be the second derivative of 0 - p - 1/2*p**z - 4/3*p**3. Give v(-1).
7
Let v(l) = l**2 - 5*l - 9. Let q be v(6). Let p(h) = -8*h + 2. Determine p(q).
26
Suppose c = 4*c - 3*x + 30, 3*x - 50 = 5*c. Let h(a) = -a**2 - 10*a + 9. What is h(c)?
9
Let y(k) = 2*k**3 - 14*k**2 - 9*k - 34. Let i(v) = 2*v**3 - 12*v**2 - 8*v - 29. Let q(r) = -7*i(r) + 6*y(r). Let d = 1 - 0. Calculate q(d).
-1
Let k(h) be the first derivative of -2*h**3/3 - 2*h - 135. Calculate k(2).
-10
Let d(p) = -p**2 - 14*p + 14. Suppose -f - 13 - 1 = 0. Give d(f).
14
Suppose -4*f - 39*f + 215 = 0. Let k(n) = -n**3 + 4*n**2 + 4*n - 2. Give k(f).
-7
Let y(o) = o + 17 - 24*o**2 - 12 + 21*o**2. Give y(-5).
-75
Let q(s) = -2*s**2 - s - 2. Let j(c) = 5*c**2 + 2*c + 6. Let u(t) = -3*j(t) - 8*q(t). Suppose 126 - 136 = 4*w + g, -w + 4*g = 28. What is u(w)?
6
Let w(k) = k. Suppose -h = 2*y + 7, -3*y + 2*y = -3*h + 14. Suppose h*r = r - 12. Determine w(r).
-6
Let m(o) = 14*o**2 + 4*o + 3. Let n(w) = -25*w**2 - 8*w - 6. Let k(u) = -7*m(u) - 3*n(u). What is k(-1)?
-22
Let k(d) = -d**3 - d**2 + 2*d + 1. Let l(u) = u + 21. Let m be l(-9). Suppose 2*t - 2 + m = 4*a, -5*a + 9 = t. Let o be t - 4/(-16)*-4. Determine k(o).
1
Let m(g) = -8*g**3 - g**2 - g + 1. Let z(y) = 2*y**3 - 1. Let t be z(1). Let v be m(t). Let j be 3/(-6) - v/(-6). Let r(b) = b**3 + 2*b**2 + 2*b. What is r(j)?
-4
Let l(c) = -47 + 3*c + 10*c + 14 + c**2. Let g be l(-15). Let f(s) be the third derivative of s**5/60 + 5*s**4/24 - 2*s**3/3 + s**2. Calculate f(g).
-10
Let w(v) be the third derivative of v**5/60 - v**4/4 - 11*v**3/6 + 53*v**2 + 2*v - 4. Suppose 24 = 4*t - 4*n, -5*t + n + 43 - 5 = 0. Determine w(t).
5
Let n(z) = 2*z**3 + 2*z**2 - 2*z + 1. Let m be n(1). Let l be 2 - m/9*0. Let j(o) = 3*o**2 - 3*o**2 + 3*o - 3*o**l + 2 + 2*o**2. What is j(4)?
-2
Let v(f) = f**3 - 9*f**2 + 8*f - 6. Let r = 61 - 56. Suppose -2*t = 3*h + 2*h - 30, 0 = -2*h - r*t - 9. Give v(h).
-6
Let i be 7 + (-1)/2*0/(-3). Suppose 4 = i*o - 3. Let w(s) be the third derivative of s**5/60 + s**3/6 - s**2. Calculate w(o).
2
Let x(i) = 8*i + 1. Suppose -8 = 3*b + 16. Let a = -7 - b. Calculate x(a).
9
Let j(p) be the first derivative of -p**7/840 + p**6/90 + p**5/60 - p**4/8 - 11*p**3/3 + 18. Let l(u) be the third derivative of j(u). What is l(3)?
12
Let i(y) be the third derivative of y**6/120 + y**4/24 - y**3/3 + 2*y**2. Let v(n) = -2*n**3 - n**2 - n. Suppose -5 + 2 = 3*a. Let d be v(a). Determine i(d).
8
Suppose 3*i = -0*i - 5*r + 27, -r + 11 = 2*i. Let a(h) = -h + 6*h + 11 - i*h. Determine a(-6).
5
Suppose 0 = -t - 5 + 2, 4 = 5*d + 2*t. Let g(y) = -y + 4. Determine g(d).
2
Let y(g) be the second derivative of -g**4/12 - 13*g**3/6 - 4*g**2 + 44*g - 1. Determine y(-12).
4
Let g(u) = -4*u + 2. Let y(z) = 2*z**3 + 6*z**2 - 4*z - 8. Let j be y(-3). Suppose -j*l - 2*q = -14, 7*q - 4 = -2*l + 3*q. Give g(l).
-14
Let n(q) = -4*q**3 - 8*q**2 - q + 2. Let x(k) = 5*k**3 + 9*k**2 - 1. Let b(f) = -6*n(f) - 5*x(f). Give b(5).
-27
Let a(p) be the second derivative of p**5/20 + 5*p**4/12 + p**2/2 + 12*p. Suppose 0*l + 4*l = 8. Let b = -7 + l. Determine a(b).
1
Let d(w) = 11 + 5 + 20 - 3*w - 43 + 2*w. What is d(-7)?
0
Let y(n) = -30*n**2 + n - 1. Let l(b) = -17*b - 339. Let v be l(-20). What is y(v)?
-30
Let g(y) = 2 + 0 - 8 - 2*y. Let p = 22 + -27. Determine g(p).
4
Let j(x) be the first derivative of -x**4/4 - 2*x**3/3 - x**2/2 - x + 494. What is j(-1)?
-1
Suppose b - 2*b + 2 = 0. Let s(c) = -29*c + 0*c**b - 3*c**2 + 29*c. What is s(1)?
-3
Let o(y) be the second derivative of -y**7/2520 + y**6/144 + y**5/40 + 5*y**4/6 + 14*y. Let u(d) be the third derivative of o(d). What is u(4)?
7
Let m(r) = r. Let v(f) = f**3 + f**2 + 4*f + 3. Let c(n) = -4*m(n) + v(n). Suppose 5*t - 39 - 6 = 0. Suppose a + 3*i = -t, -a + i = -2*i - 9. Calculate c(a).
3
Let c(h) = -7*h - 95. Let d be c(-14). Let z = 31 - -1. Suppose -z = 5*b + d. Let x(f) = -f - 6. Calculate x(b).
1
Let g(u) = -4*u**3 + 2*u**2 + 3*u - 12. Let f = 45 + -48. Let y(o) = 3*o**3 - 3*o**2 - 4*o + 11. Let t(z) = f*y(z) - 2*g(z). Give t(6).
-9
Let y(m) = -m**3 - 4*m + 21. Let u be y(0). Suppose u*g - 6*g = 0. Let a(t) = -t**3 + t**2 - 5. Give a(g).
-5
Let u(w) be the first derivative of -w**4/4 + 2*w**3 + w**2 - 7*w + 1. Suppose 0 = -3*j + 2*n + 3, j = 4*j + 3*n - 3. Let m = 5 + j. What is u(m)?
5
Let z(d) be the third derivative of -4*d**2 + 1/12*d**4 + 0 + 0*d - 9/2*d**3. Let c be z(11). Let b(f) = f**2 + 6*f + 7. Calculate b(c).
2
Let f(w) = 6*w**2 - 2 + 1 + 0. Let z = 53 + -35. Let y be (-2)/((-44)/z) + (-4)/(-22). Give f(y).
5
Let p(x) = x**3 + 17*x**2 - 11. Suppose 89 = -5*q - c, 6*c = -q + 9*c - 5. Calculate p(q).
-11
Let r(m) = -9*m**2 - m. Suppose 2*b - 4*l = -43 + 33, 4*b + 2 = 2*l. What is r(b)?
-10
Let i(g) = 3*g**3 + 7*g**2 + g + 3. Let v(j) = -4*j**3 - 8*j**2 - j - 1. Let p(c) = 3*i(c) + 2*v(c). What is p(-5)?
2
Let z = 17 - 15. Suppose -k = -z*k + 3. Let v(l) = -l**3 + 4*l**2 - 3*l - 4. Determine v(k).
-4
Let m(z) = z. Let q be m(2). Suppose q*v = -5*j - 4 - 2, -4*v = 3*j - 2. Let g(t) = -5 - 2*t**v - 2*t**2 + t**3 + 0*t**2. Give g(4).
-5
Let y(n) = n - 11. Let j = 229 + -223. Determine y(j).
-5
Let f(z) = 2*z**2 + 20*z - 27. Let d(a) = -a**2 - 10*a + 12. Let u(y) = 5*d(y) + 2*f(y). What is u(-12)?
-18
Let w be 2*1*((-279)/18 - -11). Let t(y) = -y**2 - 10*y - 3. Calculate t(w).
6
Let f(x) = -5*x + 1. Let n(k) = -k + 2. Let p be n(-11). Let b be (p - (3 - -1))/1. Suppose -7*h - b = -10*h. Calculate f(h).
-14
Let u be (2*(-12)/4)/(-1 + -1). Suppose -5*d + 0*d = u*o + 29, 0 = -d - 2*o - 3. Let n(k) = k**3 + 7*k**2 + 4*k + 5. Calculate n(d).
-23
Let k be (3 - 2)/(-1)*-4. Let i(d) = -d - 10. Let u(l) = -l - 11. Let s(v) = k*u(v) - 5*i(v). Determine s(-6).
0
Let u(o) be the first derivative of -3*o**3 + 2*o**2 + 2*o + 23. Let h(y) = -8*y**2 + 4*y + 1. Let v(x) = -4*h(x) + 3*u(x). Calculate v(2).
14
Let q(i) = 13*i**2 - 8*i + 17. Let g(b) = -7*b**2 + 4*b - 9. Let v be 3/12 - (-172)/16. Let l(w) = v*g(w) + 6*q(w). Suppose 2 = -3*k + 8. Calculate l(k).
-1
Suppose -25 = 19*i - 24*i. Let w(x) = -x**3 + 6*x**2 - 6*x + 9. What is w(i)?
4
Suppose 8*j - 75 = 109. Let x(f) = -19 - 19 + 55 - j + 6*f. Determine x(6).
30
Let h(u) = 8*u**3 - 2*u**2 + 1. Let g = 5 + -7. Let v be (-4)/5*15/g. Let s be (v + -3 - 2)/1. Calculate h(s).
7
Let d(g) = -g**3 - 5*g**2 + 10*g - 4. Let c be d(1). Let q(x) = x**2 - 3*x - 4. What is q(c)?
-4
Suppose 2*l - 10 = -3*y + 2*y, 2*y + 5*l = 24. Let v(s) be the third derivative of -s**6/120 + s**5/15 - s**4/12 - s**3/6 - 5*s**2. Calculate v(y).
3
Let r(v) = 4*v**2 - 24*v - 15. Let g(p) = 3*p**2 - 16*p - 10. Let h(s) = -7*g(s) + 5*r(s). Determine h(-5).
10
Let r be (-5)/(-1) + (-34)/17. Let c be ((-4)/(-6))/((-10)/225*r). Let z(l) = l**3 + 6*l**2 + 6. What is z(c)?
31
Let q(g) = -5*g**3 - 4*g**2 - 4*g - 10. Let l(m) = -m**3 + m**2 + m - 1. Let w(p) = 6*l(p) - q(p). Calculate w(11).
-7
Let f(b) = -4*b**2 - 5*b - 4. Let g(u) = 3*u**2 + 4*u + 3. Let p(i) = 5*f(i) + 6*g(i). Let a(r) = -7*r**2 + 22*r - 5. Let q be a(3). Calculate p(q).
-8
Let o be 3 - (-8 + 3) - 3. Suppose o*c = -0*j + j - 15, j - c = 15. Let v(z) = 11 - 5*z - j + 10 + z**2. Give v(6).
12
Let f be 0 - -1*1 - -6. Let n(p) be the third derivative of p**7/2520 - 7*p**6/720 + 27*p**4/8 + 54*p**2. Let b(a) be the second derivative of n(a). Give b(f).
0
Let d(m) be the second derivative of -1/2*m**3 + 5*m + 0 + 1/2*m**2 - 1/24*m**4. Let v(p) be the first derivative of d(p). Calculate v(6).
-9
Let u(a) = -22*a + 4 + 56*a - 27*a. Suppose p = -5*k + 22, -3*k + 3 = 4*p - 0*k. Give u(p).
-17
Let j(c) = -1 - 67*c - 70*c + 134*c. Determine j(-10).
29
Let p(r) = r**3 - 2*r. Let j(h) = -5*h**3 - 15*h**2 + 9*h + 15. Let w(f) = -j(f) - 4*p(f). Give w(-15).
0
Let i(f) = -13*f**3 - f**2 + 1. Suppose 4*x + 2*z + 4 - 12 = 0, 3*z - 12 = x. Suppose x*s + c = -s + 3, -5 = -3*s - 2*c. Calculate i(s).
13
Let y(j) be the first derivative of j**4/4 + 10*j**3/3 + 9*j**2/2 + j - 70. What is y(-9)?
1
Let o(b) = 3*b**3 - 23*b**2 + 4*b - 5. Let 